{"id":4,"date":"2015-03-30T16:03:56","date_gmt":"2015-03-30T14:03:56","guid":{"rendered":"http:\/\/www.fachforum-reha.de\/?page_id=4"},"modified":"2026-03-11T09:27:03","modified_gmt":"2026-03-11T08:27:03","slug":"startseite","status":"publish","type":"page","link":"https:\/\/insurancetodayandtomorrow.de\/","title":{"rendered":"Startseite"},"content":{"rendered":"\n<h2 class=\"wp-block-heading has-medium-font-size\"><\/h2>\n\n\n\n<p><strong>Herzlich Willkommen,<\/strong><\/p>\n\n\n<p>wir freuen uns Sie am <strong>7. und 8. Oktober 2026<\/strong> in Frankfurt erneut begr\u00fc\u00dfen zu d\u00fcrfen.<\/p>\n<p>Die <strong>Moderation <\/strong>\u00fcbernehmen:<\/p>\n<p><strong><a href=\"https:\/\/insurancetodayandtomorrow.de\/wp-content\/uploads\/2023\/03\/Schradin-Heinrich-Prof-Dr.jpg\"><img loading=\"lazy\" decoding=\"async\" class=\"size-full wp-image-425 alignleft\" src=\"https:\/\/insurancetodayandtomorrow.de\/wp-content\/uploads\/2023\/03\/Schradin-Heinrich-Prof-Dr.jpg\" alt=\"\" width=\"130\" height=\"130\" \/><\/a>Prof. Dr. Heinrich R. Schradin<\/strong><\/p>\n<p>Direktor, Institut f\u00fcr Versicherungswissenschaft,<br \/>Universit\u00e4t zu K\u00f6ln<\/p>\n<hr \/>\n<p><strong><a href=\"https:\/\/insurancetodayandtomorrow.de\/wp-content\/uploads\/2023\/03\/Schradin-Heinrich-Prof-Dr.jpg\"><img loading=\"lazy\" decoding=\"async\" class=\"size-full wp-image-425 alignleft\" src=\"https:\/\/insurancetodayandtomorrow.de\/wp-content\/uploads\/2026\/03\/Puchan-Joerg-Prof.-Dr.jpg\" alt=\"\" width=\"130\" height=\"130\" \/><\/a><\/strong><\/p>\n<p><strong>Prof. Dr.J\u00f6rg Puchan<\/strong><\/p>\n<p>Professor f\u00fcr Angewandte Informatik, <br \/>Hochschule M\u00fcnchen<\/p>\n<hr \/>\n\n\n<p><\/p>\n","protected":false},"excerpt":{"rendered":"<p>Herzlich Willkommen, wir freuen uns Sie am 7. und 8. Oktober 2026 in Frankfurt erneut begr\u00fc\u00dfen zu d\u00fcrfen. Die Moderation \u00fcbernehmen: Prof. Dr. Heinrich R. Schradin Direktor, Institut f\u00fcr Versicherungswissenschaft,Universit\u00e4t zu K\u00f6ln Prof. Dr.J\u00f6rg Puchan Professor f\u00fcr Angewandte Informatik, Hochschule M\u00fcnchen<\/p>\n","protected":false},"author":1,"featured_media":0,"parent":0,"menu_order":0,"comment_status":"closed","ping_status":"closed","template":"","meta":{"footnotes":""},"class_list":["post-4","page","type-page","status-publish","hentry"],"_links":{"self":[{"href":"https:\/\/insurancetodayandtomorrow.de\/index.php?rest_route=\/wp\/v2\/pages\/4","targetHints":{"allow":["GET"]}}],"collection":[{"href":"https:\/\/insurancetodayandtomorrow.de\/index.php?rest_route=\/wp\/v2\/pages"}],"about":[{"href":"https:\/\/insurancetodayandtomorrow.de\/index.php?rest_route=\/wp\/v2\/types\/page"}],"author":[{"embeddable":true,"href":"https:\/\/insurancetodayandtomorrow.de\/index.php?rest_route=\/wp\/v2\/users\/1"}],"replies":[{"embeddable":true,"href":"https:\/\/insurancetodayandtomorrow.de\/index.php?rest_route=%2Fwp%2Fv2%2Fcomments&post=4"}],"version-history":[{"count":180,"href":"https:\/\/insurancetodayandtomorrow.de\/index.php?rest_route=\/wp\/v2\/pages\/4\/revisions"}],"predecessor-version":[{"id":2189,"href":"https:\/\/insurancetodayandtomorrow.de\/index.php?rest_route=\/wp\/v2\/pages\/4\/revisions\/2189"}],"wp:attachment":[{"href":"https:\/\/insurancetodayandtomorrow.de\/index.php?rest_route=%2Fwp%2Fv2%2Fmedia&parent=4"}],"curies":[{"name":"wp","href":"https:\/\/api.w.org\/{rel}","templated":true}]}}