{"id":59,"date":"2015-04-02T09:43:33","date_gmt":"2015-04-02T07:43:33","guid":{"rendered":"http:\/\/www.fachforum-reha.de\/?page_id=59"},"modified":"2024-02-15T10:15:46","modified_gmt":"2024-02-15T09:15:46","slug":"ausstellung-sponsoring","status":"publish","type":"page","link":"https:\/\/insurancetodayandtomorrow.de\/?page_id=59","title":{"rendered":"Ausstellung &#038; Sponsoring"},"content":{"rendered":"<p>Haben Sie Interesse an einer Kooperationspartnerschaft? Dann f\u00fcllen Sie folgendes <a title=\"Anmeldeformular Kooperationspartner\" href=\"\/?page_id=77\"><span style=\"color: #0000ff;\">Anmeldeformular<\/span><\/a> aus. Wir lassen Ihnen gerne ein individuelles Angebot zukommen.<\/p>\n<p><strong><span style=\"color: #63C3B7;\">Offene Kommunikation mit Allen und f\u00fcr Alle<\/span><\/strong>.<\/p>\n<p>Das ist die Grundlage f\u00fcr unser erfolgreiches Konzept. Uns geht es nicht um Masse um jeden Preis, sondern um Klasse \u2013 und&nbsp; das nachhaltig!<\/p>\n<p>Es geh\u00f6rt daher zum Konzept, gut recherchierte und aufbereitete Fachthemen von erstklassigen Experten pr\u00e4sentieren zu lassen, m\u00f6glich stringente Themenfolge einzuhalten und spannende, offene Diskussionen zu kreieren.<\/p>\n<p>Auf <strong>Insurance Today and Tomorrow<\/strong> werden daher nicht nur Informationen ausgetauscht, sondern auch neue Trends gesetzt.<\/p>\n<h2><strong><span style=\"color: #63C3B7;\">Werden Sie aktiver Kooperationspartner\/Sponsor!<\/span><\/strong><\/h2>\n<p>Nutzen Sie die M\u00f6glichkeit, neue Kontakte zu generieren und Ihre bestehenden Gesch\u00e4ftsbeziehungen in einem professionellen Umfeld zu vertiefen und nutzen Sie die Chance, Ihr pers\u00f6nliches Netzwerk auf Top-Executive-Ebene auszubauen.<\/p>\n<p>Durch die <strong>intensive und langfristige Vorab-Bewerbung<\/strong> treten Sie &#8211; \u00fcber verschiedene Kommunikationskan\u00e4le &#8211; in eine nachhaltige, breite und tiefe Kommunikation mit Ihrer Zielgruppe und schaffen Awareness f\u00fcr Ihr Unternehmen, Ihre Produkte und L\u00f6sungen. (siehe n\u00e4chste Folie)<\/p>\n<p>Auf dem Kongress selbst wird dann Ihre Zielgruppe sozusagen \u201e<strong>touchable<\/strong>\u201c.<\/p>\n<p>Die <strong>umfangreiche und intensive Nachberichterstattung<\/strong> in den einschl\u00e4gigen Fachmedien rundet schlie\u00dflich die Kooperationspartnerschaft ab. Diese Effekte bietet Ihnen kein anderes Medium!<\/p>\n<p>Treffen Sie Ihre Zielgruppen, Experten und Meinungsf\u00fchrer am \u201e<strong>Point of Action<\/strong>\u201c und <strong>gestalten Sie die Zukunft der Versicherungsbranche aktiv mit.<\/strong><\/p>\n","protected":false},"excerpt":{"rendered":"<p>Haben Sie Interesse an einer Kooperationspartnerschaft? Dann f\u00fcllen Sie folgendes Anmeldeformular aus. Wir lassen Ihnen gerne ein individuelles Angebot zukommen. Offene Kommunikation mit Allen und f\u00fcr Alle. Das ist die Grundlage f\u00fcr unser erfolgreiches Konzept. Uns geht es nicht um Masse um jeden Preis, sondern um Klasse \u2013 und&nbsp; das nachhaltig! Es geh\u00f6rt daher zum [&hellip;]<\/p>\n","protected":false},"author":1,"featured_media":0,"parent":0,"menu_order":0,"comment_status":"closed","ping_status":"closed","template":"","meta":{"footnotes":""},"class_list":["post-59","page","type-page","status-publish","hentry"],"_links":{"self":[{"href":"https:\/\/insurancetodayandtomorrow.de\/index.php?rest_route=\/wp\/v2\/pages\/59","targetHints":{"allow":["GET"]}}],"collection":[{"href":"https:\/\/insurancetodayandtomorrow.de\/index.php?rest_route=\/wp\/v2\/pages"}],"about":[{"href":"https:\/\/insurancetodayandtomorrow.de\/index.php?rest_route=\/wp\/v2\/types\/page"}],"author":[{"embeddable":true,"href":"https:\/\/insurancetodayandtomorrow.de\/index.php?rest_route=\/wp\/v2\/users\/1"}],"replies":[{"embeddable":true,"href":"https:\/\/insurancetodayandtomorrow.de\/index.php?rest_route=%2Fwp%2Fv2%2Fcomments&post=59"}],"version-history":[{"count":10,"href":"https:\/\/insurancetodayandtomorrow.de\/index.php?rest_route=\/wp\/v2\/pages\/59\/revisions"}],"predecessor-version":[{"id":1678,"href":"https:\/\/insurancetodayandtomorrow.de\/index.php?rest_route=\/wp\/v2\/pages\/59\/revisions\/1678"}],"wp:attachment":[{"href":"https:\/\/insurancetodayandtomorrow.de\/index.php?rest_route=%2Fwp%2Fv2%2Fmedia&parent=59"}],"curies":[{"name":"wp","href":"https:\/\/api.w.org\/{rel}","templated":true}]}}